Let f be 4 + (2 - 4) - (6 + -3). What is the hundreds digit of 102 + 1*1/f?
1
Suppose -2*n = -t - 42, 2*n - 38 = 3*t - 4*t. Suppose -4*m = -532 - n. What is the tens digit of m?
3
Let d(s) = -s**2 - 1. Let r(u) = u - 6. Let z(c) = -6*d(c) + 2*r(c). What is the tens digit of z(2)?
2
Suppose -5*z + 2*r = 66, z - 36 = 3*z - 4*r. What is the tens digit of z + 190 - (-1 - (-2)/2)?
7
Let a be 4/22 - (-896)/154. Suppose a*x = 5*x + 5. Suppose -5*c + 75 = x*k, 2*c - k - 87 = -3*c. What is the units digit of c?
7
Let s(w) = -w**3 + 6*w**2 - 4*w - 2. Let c be s(5). Let p(a) = 147*a + 45. Let m be p(1). Suppose 3*i - m = -c*i. What is the tens digit of i?
3
Let y = -1986 - -2473. What is the units digit of y?
7
What is the hundreds digit of (-6214)/(-7) - 22/(-77)?
8
Suppose 4*j - 9643 = -5*t, 148*j + t + 2422 = 149*j. What is the thousands digit of j?
2
Suppose -5*n = -l - 22, 3*l = -2*l + 15. Let r = n + 19. Suppose -59 + r = -z. What is the tens digit of z?
3
What is the hundreds digit of 81/486*(1 + 3089)?
5
Suppose -2*k = 2, -x + 3*k - 1 = -2*x. What is the units digit of 510/6 + -2 + x?
7
Let v = -21 - 8. Let g be 3 - v - (2 + -1). Suppose g = 4*b - 73. What is the units digit of b?
6
Suppose 0 = -0*r + r. Suppose -2*z = z + 87. Let p = r - z. What is the tens digit of p?
2
Suppose -9*t + 10*t = 627. What is the units digit of t?
7
Let d(l) = -2*l**3 + l**2 + 4*l - 3. Let r be d(2). Let i(c) = -8*c**2 - 5*c - c - 2 - c**3 - 2*c. What is the units digit of i(r)?
5
Suppose -p + 25 = 3*r - 22, 2*p = -3*r + 52. Let j = r - 9. Suppose -n + 22 + j = 0. What is the tens digit of n?
2
Let r(f) = -4*f + 31. Let z be r(-7). Suppose -s + 2*y = -z, -2*s + 3*y = 7*y - 102. What is the units digit of s?
5
Let p be (2 + 0)/(-6) - (-28)/3. Suppose 747 = p*n - 207. What is the hundreds digit of n?
1
Let s = 2183 + -1300. What is the units digit of s?
3
Let u(s) = s**2 - 8*s - 9. Suppose 0 = 3*h - 2*h - 10. What is the tens digit of u(h)?
1
Suppose 3*g - 224 = -2*m, 2*g = -4*m - g + 436. Suppose -4*n + m = -522. Suppose -3*o + 109 = 3*l - o, 0 = -4*l - 5*o + n. What is the tens digit of l?
3
Let z(r) = r**3 + 7*r**2 + r + 9. Let h be z(-7). Suppose w - 13 = -s, h*w + 31 = 4*s - 39. What is the tens digit of s?
1
Suppose -22490 = -32*u + 2278. What is the hundreds digit of u?
7
Let w = 288 - 282. What is the units digit of w?
6
Let a(c) = -c**2 + 34. Let y be (1 + (-12)/8)*0. Suppose -2*k = -y*k. What is the units digit of a(k)?
4
Let a(t) = t**2 - 7*t + 4. Suppose -5*n + 38 = 13. Let w be a(n). Let u(k) = -7*k - 1. What is the tens digit of u(w)?
4
Let f(l) = 2*l**2 + 11*l - 19. Let v be f(7). Let k = v - 94. What is the units digit of k?
2
Suppose -23*r - 3796 = -31465. What is the hundreds digit of r?
2
Let h(o) = 3*o**2 - 6*o + 5. Suppose -8*q = -7*q - 41. Suppose 0 = 5*i - 3*k - 35, 4*i - 4*k - q = k. What is the units digit of h(i)?
9
Suppose 1150 = 4*n + 14. What is the units digit of n?
4
What is the units digit of (4/8)/(-3*5/(-24210))?
7
Suppose 8*r + 12*r - 2180 = 0. What is the hundreds digit of r?
1
Suppose l + 4*l = 5*c - 1890, 0 = 2*c - 5*l - 762. What is the units digit of c?
6
Let c = 1214 - 484. What is the tens digit of c?
3
Suppose -2*p + 0*p - 34 = -2*b, 2*b + 5*p - 27 = 0. What is the tens digit of -34*4/b*-12?
0
What is the tens digit of ((-2299)/22)/((-7)/14)?
0
Let h = 2 - -62. Let m = h - 111. Let x = 17 - m. What is the units digit of x?
4
Suppose -60 = -4*p - 5*h, -3*p - h + 38 = h. Let t be 8 - 11 - p/(-2). Suppose -2*l = t*l - 220. What is the units digit of l?
5
Let v(k) = 69*k + 5771. What is the hundreds digit of v(0)?
7
Let q be ((-11)/(-22))/(2/456). Let b = -8 + q. What is the tens digit of b?
0
Suppose 8315 + 7232 = 5*j + g, -2*j - 2*g + 6214 = 0. What is the units digit of j?
0
Suppose 4*h = 3*o - 171, 0 = -3*o - 0*h - 5*h + 144. Let v = o + -48. What is the units digit of v?
5
Suppose -2*w - 2*h + 7*h + 4164 = 0, 2*w + 4*h = 4182. What is the tens digit of w?
8
Let k be 3/(-12) + (-243)/(-12). Suppose 4*u + 0*u = k. Suppose u*q = 72 + 28. What is the units digit of q?
0
Let n(k) = 10*k**2 + 51*k + 47. Let a(b) = 3*b**2 + 17*b + 16. Let q(s) = -7*a(s) + 2*n(s). What is the units digit of q(-12)?
2
Let l(t) = 26*t + 387. What is the tens digit of l(14)?
5
Let z(o) = o**2 + 10*o + 9. Let p be z(7). Let t = p - 59. What is the tens digit of t?
6
Let p = 46 - 41. Suppose -u + p*y = -32, 4*u - y - 64 = -u. What is the units digit of u?
2
Suppose 5*m - 4*m + 9 = 0. Let g = 305 - 242. Let n = m + g. What is the tens digit of n?
5
Let d(f) = 0*f**3 - 2 - 2*f**2 + 0*f + 3*f**3 - f. Let s = 280 + -278. What is the tens digit of d(s)?
1
Suppose -22 = -5*h - 7. Suppose 2*y - 4*c = -c + 296, h*y - 4*c = 444. What is the hundreds digit of y?
1
Let y(a) = 4*a**2 - 34*a + 34. Let r(h) = -h**2 + 11*h - 11. Let g(n) = -7*r(n) - 2*y(n). What is the units digit of g(-7)?
3
Let g(k) = 12*k**2 - 43*k + 445. What is the thousands digit of g(22)?
5
Let b = -2890 + 4075. What is the thousands digit of b?
1
Let q(v) = -v - 26. Let z be q(-31). Suppose -3*m + 78 = -m + 5*k, m = -5*k + 34. Suppose 4*g + m = z*g. What is the units digit of g?
4
Let a(t) = -3*t**2 + 4. Let o(y) = 3*y**2 - 3. Let k(v) = 3*a(v) + 4*o(v). Let r be k(-1). Suppose 0 = 3*f - r. What is the units digit of f?
1
Let m = 5 + 0. Let w(p) = p**2 + 7*p - 5. Let y be w(m). Suppose -5*s + 3*i - 13 = -76, 5*s = 5*i + y. What is the units digit of s?
5
Suppose 9*t - 75 = -3. Let g(w) be the third derivative of w**5/30 - w**4/3 - w**3/6 - 3*w**2. What is the units digit of g(t)?
3
Let v = 139 - -165. What is the tens digit of v?
0
Let r be -5 - -3 - (-1 - 5). Let y be 10/r + 1/(-2). Suppose -d + y = 0, -a - 4*a + d + 73 = 0. What is the units digit of a?
5
Let y be (6 + -4)/((-4)/18). Let n = y + 11. Suppose -n*d + 84 = 2*d. What is the tens digit of d?
2
Suppose -12 = -2*z - 0*z. What is the tens digit of 4/12 + 0 + 334/z?
5
Let s be (-14)/35*(-10)/4. Let o(q) = -1 + 3 - s + q + q**2 - 24*q**3. What is the tens digit of o(-1)?
2
Let s be 3*-6*(6 + -7). Let b = s - 18. Suppose b*i = -4*i + 52. What is the tens digit of i?
1
Let l = -31 - -66. Let b be 4 + (-5)/((-25)/(-10)). Suppose -b*w + 25 + l = 0. What is the units digit of w?
0
Suppose 0 = -3*u + 492 + 471. Suppose 0 = 7*q - u - 71. What is the tens digit of q?
5
Let x = -7 + 10. Suppose -3*m = -2*m - x. Suppose 5*b + m*i - 116 = 5*i, -5*i + 34 = b. What is the units digit of b?
4
Let i(d) = 10*d**2 - 2*d - 26. What is the hundreds digit of i(6)?
3
Suppose -2*x - 2*g + 17 = -1, 3*x = 4*g + 6. What is the units digit of (-80)/5*(-15)/x?
0
Suppose -111 = 5*f - 36. Let j = f + 18. Suppose -2*q - 78 = -5*t, 4*t + q - j*q - 62 = 0. What is the tens digit of t?
1
Let z be 5 + -28 - (1 - -1). Let j = 89 - z. What is the hundreds digit of j?
1
Let m(b) = -19*b**2 + 4*b + 3. Let t be m(-1). Let p = -19 - t. What is the units digit of p?
1
Suppose 545 + 370 = 5*v. Suppose -c + 198 = 5*p, -p - v = -6*p + 4*c. What is the units digit of p?
9
Let w be (24/5)/(6/30). Let s = w - -26. Suppose -3*j + s = 2*j. What is the tens digit of j?
1
Suppose 5*n + 2*c + c = 7, 2*c - 2 = -2*n. Suppose 34 = -p - n. Let m = p - -60. What is the tens digit of m?
2
Let n(l) = -l**3 + 8*l**2 - 5*l - 10. Let h be n(7). Let v = -27 - -56. Suppose -4*j - h*t + v = t, 26 = j - 5*t. What is the units digit of j?
1
Let q = -966 - -1731. What is the units digit of q?
5
Let p(q) = -741*q - 52. What is the units digit of p(-2)?
0
Let w(h) = h**2 - 5*h - 14. Let a be w(-3). Let y(b) = -4*b + 73. What is the tens digit of y(a)?
3
Suppose 0*j - j = 37. Suppose -4*p = -9 + 97. Let n = p - j. What is the units digit of n?
5
Suppose -2*y = 5*y - 14. Let v be (430/(-15))/(y/(-9)). Let d = -56 + v. What is the tens digit of d?
7
Let q(a) = 15*a + 4. Let z be q(5). Suppose 4*w = 5*g - 84, -3*g = w - z + 15. What is the units digit of g?
0
Suppose l - 1 = -5*i - 0*l, -16 = 4*l. Let j = i + 11. What is the tens digit of j?
1
Suppose 1471 = 5*a + 9*c - 11*c, -c = a - 290. What is the tens digit of a?
9
Let h = 1396 - 845. What is the units digit of h?
1
Let r(d) = -9*d - 18. Let x(c) = 3*c + 6. Let q(h) = -2*r(h) - 7*x(h). What is the units digit of q(-3)?
3
Let s = -35 + 22. Let w = -1